{"id":134,"date":"2023-07-07T10:08:34","date_gmt":"2023-07-07T13:08:34","guid":{"rendered":"https:\/\/viverolapecana.com.ar\/?page_id=134"},"modified":"2023-08-15T11:19:12","modified_gmt":"2023-08-15T14:19:12","slug":"la-nuez-pecan-2-2","status":"publish","type":"page","link":"https:\/\/viverolapecana.com.ar\/?page_id=134","title":{"rendered":"Producci\u00f3n"},"content":{"rendered":"\t\t<div data-elementor-type=\"wp-page\" data-elementor-id=\"134\" class=\"elementor elementor-134\" data-elementor-post-type=\"page\">\n\t\t\t\t\t\t<section class=\"elementor-section elementor-top-section elementor-element elementor-element-5620be8 elementor-section-height-min-height elementor-section-boxed elementor-section-height-default elementor-section-items-middle\" data-id=\"5620be8\" data-element_type=\"section\" data-e-type=\"section\" data-settings=\"{&quot;background_background&quot;:&quot;classic&quot;}\">\n\t\t\t\t\t\t\t<div class=\"elementor-background-overlay\"><\/div>\n\t\t\t\t\t\t\t<div class=\"elementor-container elementor-column-gap-default\">\n\t\t\t\t\t<div class=\"elementor-column elementor-col-100 elementor-top-column elementor-element elementor-element-3ba195f\" data-id=\"3ba195f\" data-element_type=\"column\" data-e-type=\"column\">\n\t\t\t<div class=\"elementor-widget-wrap elementor-element-populated\">\n\t\t\t\t\t\t<div class=\"elementor-element elementor-element-90a2de9 elementor-widget elementor-widget-heading\" data-id=\"90a2de9\" data-element_type=\"widget\" data-e-type=\"widget\" data-widget_type=\"heading.default\">\n\t\t\t\t<div class=\"elementor-widget-container\">\n\t\t\t\t\t<h2 class=\"elementor-heading-title elementor-size-default\">Producci\u00f3n<\/h2>\t\t\t\t<\/div>\n\t\t\t\t<\/div>\n\t\t\t\t\t<\/div>\n\t\t<\/div>\n\t\t\t\t\t<\/div>\n\t\t<\/section>\n\t\t\t\t<section class=\"elementor-section elementor-top-section elementor-element elementor-element-a62bb67 elementor-section-boxed elementor-section-height-default elementor-section-height-default\" data-id=\"a62bb67\" data-element_type=\"section\" data-e-type=\"section\">\n\t\t\t\t\t\t<div class=\"elementor-container elementor-column-gap-default\">\n\t\t\t\t\t<div class=\"elementor-column elementor-col-100 elementor-top-column elementor-element elementor-element-2bb1ca4\" data-id=\"2bb1ca4\" data-element_type=\"column\" data-e-type=\"column\">\n\t\t\t<div class=\"elementor-widget-wrap elementor-element-populated\">\n\t\t\t\t\t\t<div class=\"elementor-element elementor-element-c2f5995 elementor-widget elementor-widget-spacer\" data-id=\"c2f5995\" data-element_type=\"widget\" data-e-type=\"widget\" data-widget_type=\"spacer.default\">\n\t\t\t\t<div class=\"elementor-widget-container\">\n\t\t\t\t\t\t\t<div class=\"elementor-spacer\">\n\t\t\t<div class=\"elementor-spacer-inner\"><\/div>\n\t\t<\/div>\n\t\t\t\t\t\t<\/div>\n\t\t\t\t<\/div>\n\t\t\t\t\t<\/div>\n\t\t<\/div>\n\t\t\t\t\t<\/div>\n\t\t<\/section>\n\t\t\t\t<section class=\"elementor-section elementor-top-section elementor-element elementor-element-8bacb0d elementor-section-boxed elementor-section-height-default elementor-section-height-default\" data-id=\"8bacb0d\" data-element_type=\"section\" data-e-type=\"section\">\n\t\t\t\t\t\t<div class=\"elementor-container elementor-column-gap-default\">\n\t\t\t\t\t<div class=\"elementor-column elementor-col-100 elementor-top-column elementor-element elementor-element-5bd0f85\" data-id=\"5bd0f85\" data-element_type=\"column\" data-e-type=\"column\">\n\t\t\t<div class=\"elementor-widget-wrap elementor-element-populated\">\n\t\t\t\t\t\t<div class=\"elementor-element elementor-element-6d63532 elementor-widget elementor-widget-heading\" data-id=\"6d63532\" data-element_type=\"widget\" data-e-type=\"widget\" data-widget_type=\"heading.default\">\n\t\t\t\t<div class=\"elementor-widget-container\">\n\t\t\t\t\t<h2 class=\"elementor-heading-title elementor-size-default\">La pecana - divisi\u00f3n Producci\u00f3n<\/h2>\t\t\t\t<\/div>\n\t\t\t\t<\/div>\n\t\t\t\t\t<\/div>\n\t\t<\/div>\n\t\t\t\t\t<\/div>\n\t\t<\/section>\n\t\t\t\t<section class=\"elementor-section elementor-top-section elementor-element elementor-element-e8e71a3 elementor-section-boxed elementor-section-height-default elementor-section-height-default\" data-id=\"e8e71a3\" data-element_type=\"section\" data-e-type=\"section\">\n\t\t\t\t\t\t<div class=\"elementor-container elementor-column-gap-default\">\n\t\t\t\t\t<div class=\"elementor-column elementor-col-50 elementor-top-column elementor-element elementor-element-43ffa2d\" data-id=\"43ffa2d\" data-element_type=\"column\" data-e-type=\"column\">\n\t\t\t<div class=\"elementor-widget-wrap elementor-element-populated\">\n\t\t\t\t\t\t<div class=\"elementor-element elementor-element-190ec2f elementor-widget elementor-widget-text-editor\" data-id=\"190ec2f\" data-element_type=\"widget\" data-e-type=\"widget\" data-widget_type=\"text-editor.default\">\n\t\t\t\t<div class=\"elementor-widget-container\">\n\t\t\t\t\t\t\t\t\t<p>Contamos con dos establecimientos de producci\u00f3n de Nueces Pec\u00e1n, los mismos se encuentran ubicados en la ciudad de La Plata en la provincia de Buenos Aires y en Salto Encantado en la Provincia de Misiones.<\/p><p>En la actualidad comercializamos nueces peladas o con c\u00e1scara, aptas para el consumo humano.<\/p><p>La cosecha se realiza de manera mecanizada, utilizando instrumental que proteje la calidad del producto.<\/p><p>Dentro de nuestros cultivos contamos con ejemplares de m\u00e1s de 20 a\u00f1os en condiciones \u00f3ptimas para su producci\u00f3n, desde nuestros inicios en el a\u00f1o 1999, seguimos en constante ampliaci\u00f3n, incorporando nuevas plantas cada a\u00f1o.<\/p>\t\t\t\t\t\t\t\t<\/div>\n\t\t\t\t<\/div>\n\t\t\t\t\t<\/div>\n\t\t<\/div>\n\t\t\t\t<div class=\"elementor-column elementor-col-50 elementor-top-column elementor-element elementor-element-650bbd9\" data-id=\"650bbd9\" data-element_type=\"column\" data-e-type=\"column\">\n\t\t\t<div class=\"elementor-widget-wrap elementor-element-populated\">\n\t\t\t\t\t\t<div class=\"elementor-element elementor-element-6336b26 elementor-widget elementor-widget-image\" data-id=\"6336b26\" data-element_type=\"widget\" data-e-type=\"widget\" data-widget_type=\"image.default\">\n\t\t\t\t<div class=\"elementor-widget-container\">\n\t\t\t\t\t\t\t\t\t\t\t\t\t\t\t<img fetchpriority=\"high\" decoding=\"async\" width=\"800\" height=\"448\" src=\"https:\/\/viverolapecana.com.ar\/wp-content\/uploads\/2023\/07\/bannerInicio-1024x574.jpg\" class=\"attachment-large size-large wp-image-123\" alt=\"\" srcset=\"https:\/\/viverolapecana.com.ar\/wp-content\/uploads\/2023\/07\/bannerInicio-1024x574.jpg 1024w, https:\/\/viverolapecana.com.ar\/wp-content\/uploads\/2023\/07\/bannerInicio-1536x861.jpg 1536w\" sizes=\"(max-width: 800px) 100vw, 800px\" \/>\t\t\t\t\t\t\t\t\t\t\t\t\t\t\t<\/div>\n\t\t\t\t<\/div>\n\t\t\t\t\t<\/div>\n\t\t<\/div>\n\t\t\t\t\t<\/div>\n\t\t<\/section>\n\t\t\t\t<section class=\"elementor-section elementor-top-section elementor-element elementor-element-9388fde elementor-section-boxed elementor-section-height-default elementor-section-height-default\" data-id=\"9388fde\" data-element_type=\"section\" data-e-type=\"section\">\n\t\t\t\t\t\t<div class=\"elementor-container elementor-column-gap-default\">\n\t\t\t\t\t<div class=\"elementor-column elementor-col-50 elementor-top-column elementor-element elementor-element-f01443a\" data-id=\"f01443a\" data-element_type=\"column\" data-e-type=\"column\">\n\t\t\t<div class=\"elementor-widget-wrap elementor-element-populated\">\n\t\t\t\t\t\t<div class=\"elementor-element elementor-element-815c207 elementor-widget elementor-widget-image\" data-id=\"815c207\" data-element_type=\"widget\" data-e-type=\"widget\" data-widget_type=\"image.default\">\n\t\t\t\t<div class=\"elementor-widget-container\">\n\t\t\t\t\t\t\t\t\t\t\t\t\t\t\t\t<a href=\"https:\/\/viverolapecana.com.ar\/wp-content\/uploads\/2023\/07\/FrutosPuestadesol.png\" data-elementor-open-lightbox=\"yes\" data-elementor-lightbox-title=\"FrutosPuestadesol\" data-e-action-hash=\"#elementor-action%3Aaction%3Dlightbox%26settings%3DeyJpZCI6MTUxLCJ1cmwiOiJodHRwczpcL1wvdml2ZXJvbGFwZWNhbmEuY29tLmFyXC93cC1jb250ZW50XC91cGxvYWRzXC8yMDIzXC8wN1wvRnJ1dG9zUHVlc3RhZGVzb2wucG5nIn0%3D\">\n\t\t\t\t\t\t\t<img decoding=\"async\" width=\"800\" height=\"598\" src=\"https:\/\/viverolapecana.com.ar\/wp-content\/uploads\/2023\/07\/FrutosPuestadesol.png\" class=\"attachment-large size-large wp-image-151\" alt=\"\" srcset=\"https:\/\/viverolapecana.com.ar\/wp-content\/uploads\/2023\/07\/FrutosPuestadesol.png 1024w, https:\/\/viverolapecana.com.ar\/wp-content\/uploads\/2023\/07\/FrutosPuestadesol-300x224.png 300w, https:\/\/viverolapecana.com.ar\/wp-content\/uploads\/2023\/07\/FrutosPuestadesol-768x575.png 768w\" sizes=\"(max-width: 800px) 100vw, 800px\" \/>\t\t\t\t\t\t\t\t<\/a>\n\t\t\t\t\t\t\t\t\t\t\t\t\t\t\t<\/div>\n\t\t\t\t<\/div>\n\t\t\t\t\t<\/div>\n\t\t<\/div>\n\t\t\t\t<div class=\"elementor-column elementor-col-50 elementor-top-column elementor-element elementor-element-e929ac7\" data-id=\"e929ac7\" data-element_type=\"column\" data-e-type=\"column\">\n\t\t\t<div class=\"elementor-widget-wrap elementor-element-populated\">\n\t\t\t\t\t\t<div class=\"elementor-element elementor-element-90d236b elementor-widget elementor-widget-image\" data-id=\"90d236b\" data-element_type=\"widget\" data-e-type=\"widget\" data-widget_type=\"image.default\">\n\t\t\t\t<div class=\"elementor-widget-container\">\n\t\t\t\t\t\t\t\t\t\t\t\t\t\t\t\t<a href=\"https:\/\/viverolapecana.com.ar\/wp-content\/uploads\/2023\/07\/IMG-20230719-WA0000.jpg\" data-elementor-open-lightbox=\"yes\" data-elementor-lightbox-title=\"IMG-20230719-WA0000\" data-e-action-hash=\"#elementor-action%3Aaction%3Dlightbox%26settings%3DeyJpZCI6MTU1LCJ1cmwiOiJodHRwczpcL1wvdml2ZXJvbGFwZWNhbmEuY29tLmFyXC93cC1jb250ZW50XC91cGxvYWRzXC8yMDIzXC8wN1wvSU1HLTIwMjMwNzE5LVdBMDAwMC5qcGcifQ%3D%3D\">\n\t\t\t\t\t\t\t<img decoding=\"async\" width=\"800\" height=\"600\" src=\"https:\/\/viverolapecana.com.ar\/wp-content\/uploads\/2023\/07\/IMG-20230719-WA0000.jpg\" class=\"attachment-large size-large wp-image-155\" alt=\"\" srcset=\"https:\/\/viverolapecana.com.ar\/wp-content\/uploads\/2023\/07\/IMG-20230719-WA0000.jpg 1024w, https:\/\/viverolapecana.com.ar\/wp-content\/uploads\/2023\/07\/IMG-20230719-WA0000-300x225.jpg 300w, https:\/\/viverolapecana.com.ar\/wp-content\/uploads\/2023\/07\/IMG-20230719-WA0000-768x576.jpg 768w\" sizes=\"(max-width: 800px) 100vw, 800px\" \/>\t\t\t\t\t\t\t\t<\/a>\n\t\t\t\t\t\t\t\t\t\t\t\t\t\t\t<\/div>\n\t\t\t\t<\/div>\n\t\t\t\t\t<\/div>\n\t\t<\/div>\n\t\t\t\t\t<\/div>\n\t\t<\/section>\n\t\t\t\t<\/div>\n\t\t","protected":false},"excerpt":{"rendered":"<p>Producci\u00f3n La pecana &#8211; divisi\u00f3n Producci\u00f3n Contamos con dos establecimientos de producci\u00f3n de Nueces Pec\u00e1n, los mismos se encuentran ubicados en la ciudad de La Plata en la provincia de Buenos Aires y en Salto Encantado en la Provincia de Misiones. En la actualidad comercializamos nueces peladas o con c\u00e1scara, aptas para el consumo humano. [&hellip;]<\/p>\n","protected":false},"author":1,"featured_media":0,"parent":0,"menu_order":0,"comment_status":"closed","ping_status":"closed","template":"elementor_header_footer","meta":{"footnotes":""},"class_list":["post-134","page","type-page","status-publish","hentry"],"_links":{"self":[{"href":"https:\/\/viverolapecana.com.ar\/index.php?rest_route=\/wp\/v2\/pages\/134","targetHints":{"allow":["GET"]}}],"collection":[{"href":"https:\/\/viverolapecana.com.ar\/index.php?rest_route=\/wp\/v2\/pages"}],"about":[{"href":"https:\/\/viverolapecana.com.ar\/index.php?rest_route=\/wp\/v2\/types\/page"}],"author":[{"embeddable":true,"href":"https:\/\/viverolapecana.com.ar\/index.php?rest_route=\/wp\/v2\/users\/1"}],"replies":[{"embeddable":true,"href":"https:\/\/viverolapecana.com.ar\/index.php?rest_route=%2Fwp%2Fv2%2Fcomments&post=134"}],"version-history":[{"count":17,"href":"https:\/\/viverolapecana.com.ar\/index.php?rest_route=\/wp\/v2\/pages\/134\/revisions"}],"predecessor-version":[{"id":197,"href":"https:\/\/viverolapecana.com.ar\/index.php?rest_route=\/wp\/v2\/pages\/134\/revisions\/197"}],"wp:attachment":[{"href":"https:\/\/viverolapecana.com.ar\/index.php?rest_route=%2Fwp%2Fv2%2Fmedia&parent=134"}],"curies":[{"name":"wp","href":"https:\/\/api.w.org\/{rel}","templated":true}]}}